(-20997)) prime?
False
Suppose 8 = 2*v, -5*d - 3*v + 15411 = -115016. Is d a composite number?
False
Suppose -13*l + 32760 = -79352. Suppose 0*k + l = 2*h - 2*k, -3*k - 4306 = -h. Is h prime?
False
Suppose 3*r - 30233 = -2*g, 4*r - 40319 = -0*r - g. Let x be 0 + (-8)/4 + 6. Suppose -2*o - 8790 = -4*u + 1300, -o = x*u - r. Is u a prime number?
True
Suppose 8*y - 6*y = z - 1325, -3*y + 5*z = 1977. Let w = y - -1667. Is w prime?
False
Suppose 0 = z - 80 + 43. Suppose 23 = -v + 5*g, 5*v + g = -4 + 19. Is 12*z + v/1 prime?
False
Suppose 20*x - 52308 = 11672. Is x composite?
True
Suppose 4362*f + 12364961 = 4523*f. Is f composite?
False
Let t be -4 + 22/5 - (-83314)/(-10). Let r = t - -4054. Let a = r - -6958. Is a prime?
False
Let p = -295341 + 562378. Is p a prime number?
True
Let y(c) = c**2 - 2*c - 7. Let r be y(-3). Let l(n) = 298*n + 63. Is l(r) composite?
False
Let g be ((-8 + 7)*5)/(-1 + 2). Is ((-12)/(-15))/((-12)/(-12390)) + g a prime number?
True
Let h = 553538 - 304512. Is h composite?
True
Let d(y) be the second derivative of -79*y**3/3 - 3*y**2/2 + y. Let h(a) = -a**2 - 75*a + 1137. Let g be h(-88). Is d(g) a prime number?
True
Let s(q) be the first derivative of 283*q**3/3 + 14*q**2 + q + 122. Is s(-4) composite?
True
Let j = 12532 + -24588. Let o = 18315 + j. Is o a composite number?
True
Let y be (-75103)/(-28) - (-2)/(-8). Let g = y + -947. Is g prime?
False
Suppose 3*y - 467 = 5*z + 659, 0 = -3*y - 3*z + 1158. Let s be (y - 3) + 1 + 2. Let m = -65 + s. Is m a prime number?
True
Suppose 31 = 5*r + 11. Suppose 3*n = r*k - 0*n - 886, -884 = -4*k + 4*n. Is k a composite number?
False
Is -1 - 4 - (10/10 - 4069) a prime number?
False
Is -15 - (278846/(-2) - 15) prime?
True
Suppose 2*v - 2*l = 31768, 6*v = 5*v + 5*l + 15896. Suppose -8*q + v = 2209. Is q prime?
True
Let m(c) = 9*c**3 - 2*c**2 + 5. Let z(y) = 4*y**3 - y**2 + 2. Let w(t) = -3*m(t) + 7*z(t). Let i be w(1). Is (i - 15/(-9))/(10/6195) composite?
True
Suppose -23 = d - 2*g - 369, 2*g + 6 = 0. Suppose -27928 = 332*n - d*n. Is n a composite number?
False
Let p(c) = -c**2 + 12*c - 9. Let d be p(11). Suppose -6*m - 2202 = -3*m - 3*y, d*m - 3*y + 1472 = 0. Let v = m - -1529. Is v a composite number?
True
Let u = 5164 + 608. Let c = -3065 + u. Is c prime?
True
Let m = 7 + -11. Let b be (20/(-50))/(m/50). Is ((-2888)/(-20) - b) + (-2)/5 a composite number?
False
Suppose -2103114 - 4487183 = -7*l. Is l a composite number?
False
Let t = 170 - 166. Is (-20)/16*t*(-5227)/5 a prime number?
True
Let q(a) = a**3 + 13*a**2 + 95*a - 419. Is q(42) composite?
False
Suppose -5*s = -12*s - 5866. Let j = s - -3851. Is j a composite number?
True
Let c be 20/8 - (6/4 + -1). Suppose -h - h - 4 = 0, 4*i - c*h - 328 = 0. Let g = i - -50. Is g a prime number?
True
Let x(r) = -120*r + 45. Let j be x(-15). Suppose -3*h - i = -683 - j, h - 851 = -2*i. Is h a prime number?
False
Suppose -2065 = -5*b + 4*z, -5*b + 962 = -z - 1103. Suppose 4129 + 2971 = 5*h. Let s = h - b. Is s prime?
False
Let o = -115 + 135. Suppose 147477 - 12817 = o*p. Is p a prime number?
True
Let y(b) = -365*b + 42. Let u be ((4/(-6))/((-9)/(-108)))/2. Is y(u) a prime number?
False
Let m(l) = 15*l**2 - 2*l + 24. Let d be m(-6). Let j = -275 + d. Is j a composite number?
True
Let s(h) = h**3 - 18*h**2 - 19*h. Let y be s(19). Suppose -5*f + 8 = o - 20, y = o + f - 12. Is (-4424)/(-6) + (64/(-24))/o prime?
False
Let k(g) = 18795*g + 50. Is k(3) prime?
False
Suppose 8*v + 154 = v. Is (-5 + v/(-4))*5626 composite?
True
Let p = 69710 + 38693. Is p prime?
False
Suppose d + 2 = 0, 5*u + 4*d - 5*d - 17 = 0. Suppose 3*h = -q + 11320, 0*q + 2*h - 33939 = -u*q. Is q prime?
True
Suppose 3*k = -4*h + 287147, -185*h - 3*k = -182*h - 215358. Is h a composite number?
False
Suppose -6319*r = -6308*r - 10549. Is r a prime number?
False
Suppose f + 3*l = 19651, -7*f + 9*f = -2*l + 39298. Suppose -7*q + f = 2589. Is q a prime number?
True
Is ((-3)/(-5))/(-1) + (-879257984)/(-1840) a prime number?
True
Let k(z) = 3721*z - 335. Is k(22) a composite number?
False
Let t = 17417 + 26436. Is t composite?
False
Let r(p) = 5*p - 27. Let s be r(8). Suppose -u = 4*b - 2*b - s, 3*b + 6 = 0. Suppose u*x - 16*x = 91. Is x composite?
True
Let g(r) be the third derivative of 0 + 1/12*r**5 - 1/4*r**4 + 11/120*r**6 + 0*r - 3*r**2 + 7/6*r**3. Is g(5) prime?
False
Let c = -271708 + 442377. Is c prime?
True
Suppose -42*i + 35519874 = 36*i. Is i a composite number?
True
Let p(g) = g**2 - 14*g - 19. Let r be p(15). Let w be (2766/r)/((-30)/(-40)). Let x = 1293 + w. Is x composite?
True
Let t = -94807 + 171228. Is t prime?
True
Let b(c) = -c**2 - 7*c + 1. Let s(k) = 2*k + 12. Let i be s(-8). Let t be b(i). Is (t/(-4))/((-3)/84) composite?
True
Is 16809 - (-12)/7*(-294)/(-63) a prime number?
False
Suppose 0 = 6*b + 13 - 61. Suppose -8 = b*j - 24. Suppose 3*o + 5*m - 36 = 33, -j*o - 5*m = -46. Is o a prime number?
True
Let m be (0 - ((-555)/6 - 4))*2. Suppose 872 + m = 5*r. Is r composite?
True
Let t be (-1 + 4 + -6)*(-16)/3. Let g be 2/(-8) - 2*(-42)/t. Suppose -k + g*k = 5196. Is k a composite number?
True
Let l(f) = -9*f - 42. Let h be l(-24). Suppose -3*c + o = -4301, 391 = -2*c - 3*o + 3251. Let a = c - h. Is a prime?
True
Let o be (-2)/8 + (-221064)/(-32). Let q = 11235 - o. Is q prime?
True
Let a = -23958 - -7621. Let r = -8012 - a. Suppose -5*o = -3*c - 13904, 2*o - r = -o - 4*c. Is o a prime number?
False
Let d(h) = -4*h - 58. Let j be d(-16). Suppose -40977 = -j*p + 2205. Is p composite?
True
Let b be (-20)/(-8) + (-2)/4. Let w(f) = 129*f - 17. Let r(v) = 128*v - 19. Let s(q) = -3*r(q) + 4*w(q). Is s(b) a composite number?
True
Is 248670/22 + (0 - 15/(660/8)) composite?
True
Let s be (-2)/12*-2*(41 + -41). Suppose -5*d + 6 = 3*t, -2*d - 2*d + 3*t - 6 = s. Suppose g + 3*g - 4876 = d. Is g prime?
False
Let o(w) be the second derivative of -6*w**5 - 5*w**4/12 - w**3/2 + w**2/2 - 2*w - 7. Is o(-3) prime?
False
Suppose 332*o + 3*b = 333*o - 561934, 561914 = o + b. Is o a prime number?
False
Suppose -36518 = -y + m + 124420, -5*m = -3*y + 482804. Is y composite?
True
Let v = -4388 + 2497. Let r = 3080 + v. Is r prime?
False
Let w(z) = -3*z**2 + 11*z + 51. Let n be w(-9). Let d = 400 - n. Is d a composite number?
False
Let d be ((-2)/4 + -1)/((-3)/152). Suppose u = 53 + d. Let o = u + 253. Is o a composite number?
True
Let c = 118 + -115. Suppose -3*p - 3 = -3*j, -11*j - 5 = -c*p - 16*j. Suppose 4*f = -5*m + 1548 + 675, -4*m - 2*f + 1776 = p. Is m a composite number?
False
Let c = 49 + -58. Let z(b) = 91*b**2 + 35*b - 5. Is z(c) a composite number?
True
Let r = 439980 - 293267. Is r a composite number?
True
Let c = 40 + -41. Let n be (3 - -4) + -1 + c. Suppose n*w + 417 = 8*w. Is w prime?
True
Let u(p) = 155*p**2 - 2*p + 30. Let x = 864 - 856. Is u(x) prime?
False
Let s = 60059 + -26549. Suppose -12*v = 18*v - s. Is v composite?
False
Let l = -16 - -20. Suppose -l*m + 1061 + 2111 = 0. Is m prime?
False
Suppose -39*f + 4*a + 12533 = -36*f, -20899 = -5*f + 4*a. Is f a prime number?
False
Let r(g) be the second derivative of -g**5/20 - 3*g**4/4 - 13*g**3/6 + 11*g**2/2 - 29*g. Let q be r(-7). Suppose -1131 - 8665 = -q*z. Is z prime?
False
Suppose 3*b - 2*k + 5 = 2*k, -9 = -b - 4*k. Let d be 4*b*13/26. Let v(j) = 120*j**2 + 3*j - 5. Is v(d) prime?
False
Let t = -39 + 46. Suppose -3 - t = -5*i. Suppose -81 = i*k - 1835. Is k a composite number?
False
Let u = -27 - -26. Let d = u - 9. Let h = 173 + d. Is h composite?
False
Let k(u) = 11*u - 122. Let o be k(11). Let h(g) = -2411*g**3 + 2*g**2 + 6*g + 4. Is h(o) prime?
True
Let o(q) = 3*q**2 - 8*q + 2. Let n be (-8)/(-4) - (-1 + 0). Let l be o(n). Suppose -l*a + 755 = -2780. Is a composite?
True
Let z(f) = 258*f**2 + 9*f - 94. Is z(-13) prime?
True
Suppose 55*n = 67*n - 353868. Is n a composite number?
True
Let t = -11487 - -32738. Is t a prime number?
False
Is 9*44/(-66) - 38078/(-2) a composite number?
True
Let v(f) = 5*f + 38. Let q be v(-7). Suppose 6 = q*n - n. Suppose -3*t + h + 167 = n*h, 5*h + 86 = 2*t. Is t a prime number?
True
Let j(g) be the second derivative of g**4/12 - 13*g**3/6 + 31*g**2/2 + 6*g. Let i(w) = -w**2 - w + 1. Let q(m) = -6*i(m) + j(m). Is q(13) a prime number?
True
Let r be (4 - (-124)/(-4))*1*-31. Let m 